{"id":213,"date":"2024-07-22T17:02:19","date_gmt":"2024-07-22T17:02:19","guid":{"rendered":"https:\/\/lactanciaerotica.com\/?page_id=213"},"modified":"2024-07-27T12:16:12","modified_gmt":"2024-07-27T12:16:12","slug":"ser-mujer-lactante-nodriza-para-adultos","status":"publish","type":"page","link":"https:\/\/lactanciaerotica.com\/?page_id=213","title":{"rendered":"Ser mujer lactante en Madrid. Nodriza para adultos."},"content":{"rendered":"<div class=\"wp-block-image\">\n<figure class=\"aligncenter size-full\"><img loading=\"lazy\" decoding=\"async\" width=\"642\" height=\"361\" src=\"https:\/\/lactanciaerotica.com\/wp-content\/uploads\/2024\/07\/1-2.webp\" alt=\"Ser mujer lactante en Madrid. Nodriza para adultos.\" class=\"wp-image-214\" srcset=\"https:\/\/lactanciaerotica.com\/wp-content\/uploads\/2024\/07\/1-2.webp 642w, https:\/\/lactanciaerotica.com\/wp-content\/uploads\/2024\/07\/1-2-300x169.webp 300w\" sizes=\"auto, (max-width: 642px) 100vw, 642px\" \/><\/figure>\n<\/div>\n\n\n<p>Ser mujer lactante en Madrid. Nodriza para adultos y eres  mujer lactante en Madrid. Nodriza para adultos, chica de buena apariencia y seria  y estas en etapa de lactancia y te gustar\u00eda promocionarte con nosotros, llena el formulario que se encuentra al final de esta pagina.<\/p>\n\n\n\n<p>Buscamos mujeres lactantes en MADRID . Lo primero de todo hacerte saber que no somos ning\u00fan tipo de agencia de servicios sexuales o parecido, aqu\u00ed no promovemos la prostituci\u00f3n, el proxenetismo, ni nada parecido, somos una web exclusivamente de lactancia materna en adultos y tu como mujer lactante er\u00f3tica en Madrid vas a dar de lactar \u00fanicamente a hombres o mujeres que soliciten su servicio de lactancia materna, y gracias a ellos es que te vas a generar un excelente ingreso econ\u00f3mico solo por darles de lactar como si fueran tu bebe.<\/p>\n\n\n\n<h2 class=\"wp-block-heading\">\u00bfQuiero dedicarme a la lactofilia , que debo hacer?<\/h2>\n\n\n\n<p><strong>1.-\u00a0<\/strong>Para poder promocionar tu servicio de lactancia Er\u00f3tica en Madrid no tienes que pagarnos ning\u00fan tipo de inscripci\u00f3n, tu registro como nodriza en Madrid es totalmente gratis.<\/p>\n\n\n\n<p><strong>2.-\u00a0<\/strong>Contamos con un gran n\u00famero de hombres y mujeres que desean <a href=\"https:\/\/lactanciaerotica.com\/?page_id=61\">lactancia Erotica<\/a> en Madrid.<\/p>\n\n\n\n<p><strong>3.-&nbsp;<\/strong>Puedes organizar tu directamente las citas . Nosotros no gestionamos nada .<\/p>\n\n\n\n<p><strong>4.-\u00a0<\/strong>Usted es quien escoger\u00e1 el lugar en donde va a dar su servicio de lactancia er\u00f3tica en Madrid. Puede ser su casa, un hotel o ir al domicilio del cliente.<\/p>\n\n\n\n<p><strong>5.-<\/strong>&nbsp;El dinero que cobraras para tus sesiones de lactancia, lo vas a cobrar directamente tu, nosotros jam\u00e1s vamos a cobrarte alg\u00fan tipo de comisi\u00f3n o porcentaje de lo que cobres por tu servicio a ellos (tu dinero es tuyo) . Lo que queremos es ayudar a las mujeres lactantes en Madrid a que tengan un ingreso extra.<\/p>\n\n\n\n<p><strong>6.-\u00a0<\/strong>Nosotros cuidamos tu privacidad, por ese motivo jam\u00e1s vamos a dar tu numero de tel\u00e9fono, datos reales, etc., Por ese motivo nosotros te pasamos los n\u00fameros de tel\u00e9fono de posibles clientes tuyos y tu ya contactas con ellos. \u00danicamente contactaremos nosotros directamente contigo .<\/p>\n\n\n\n<p>.<\/p>\n\n\n\n<p><strong>7.-<\/strong>\u00a0Volvemos a hacer hincapi\u00e9 que aqu\u00ed no promovemos la prostituci\u00f3n, solo ofrecemos el servicio de Lactancia Er\u00f3tica en Madrid para adultos . Lo que luego surja o acuerden entre dos personas adultas es responsabilidad de ellos.<\/p>\n\n\n\n<p>Si deseas aumentar tu producci\u00f3n de leche materna mira esta <a href=\"https:\/\/www.cincinnatichildrens.org\/espanol\/temas-de-salud\/alpha\/b\/breast-milk-increase-supply\">web <\/a>.<\/p>\n\n\n\n<h2 class=\"wp-block-heading\">Si soy mujer lactante para adultos , que voy a ganar <\/h2>\n\n\n\n<p>Ser mujer lactante en Madrid. Nodriza para adultos. No podemos darte una cifra mensual de cuanto podr\u00e1s ganar, pero ten por seguro que ser\u00e1 una cantidad mas que aceptable y solo por dar de lactar.<\/p>\n\n\n\n<p>Si quieres ganar dinero dando de mamar leche materna en Madrid rellena este cuestionario y nos ponemos en contacto contigo por whatsapp lo antes posible . <\/p>\n\n\n\n<p><\/p>\n\n\n<div class=\"frm_forms  with_frm_style frm_style_estilo-de-formidable\" id=\"frm_form_2_container\" data-token=\"c917ce1d0292a94709b84052dc68ce9f\">\n<form enctype=\"multipart\/form-data\" method=\"post\" class=\"frm-show-form \" id=\"form_nodrizas\"  data-token=\"c917ce1d0292a94709b84052dc68ce9f\">\n<div class=\"frm_form_fields \">\n<fieldset>\n<legend class=\"frm_screen_reader\">nodrizas<\/legend>\r\n\r\n<div class=\"frm_fields_container\">\n<input type=\"hidden\" name=\"frm_action\" value=\"create\" \/>\n<input type=\"hidden\" name=\"form_id\" value=\"2\" \/>\n<input type=\"hidden\" name=\"frm_hide_fields_2\" id=\"frm_hide_fields_2\" value=\"\" \/>\n<input type=\"hidden\" name=\"form_key\" value=\"nodrizas\" \/>\n<input type=\"hidden\" name=\"item_meta[0]\" value=\"\" \/>\n<input type=\"hidden\" id=\"frm_submit_entry_2\" name=\"frm_submit_entry_2\" value=\"3b9e625adc\" \/><input type=\"hidden\" name=\"_wp_http_referer\" value=\"\/index.php?rest_route=%2Fwp%2Fv2%2Fpages%2F213\" \/><div id=\"frm_field_6_container\" class=\"frm_form_field form-field  frm_required_field frm_top_container frm_first frm_half\">\n\t<label for=\"field_qh4icy2\" id=\"field_qh4icy2_label\" class=\"frm_primary_label\">Nombre\n\t\t<span class=\"frm_required\" aria-hidden=\"true\">*<\/span>\n\t<\/label>\n\t<input type=\"text\" id=\"field_qh4icy2\" name=\"item_meta[6]\" value=\"\"  data-reqmsg=\"Nombre no puede estar en blanco.\" aria-required=\"true\" data-invmsg=\"Nombre no es v\u00e1lido\" aria-invalid=\"false\"   aria-describedby=\"frm_desc_field_qh4icy2\"\/>\n\t<div class=\"frm_description\" id=\"frm_desc_field_qh4icy2\">First<\/div>\n\t\n<\/div>\n<div id=\"frm_field_7_container\" class=\"frm_form_field form-field  frm_required_field frm_hidden_container frm_half\">\n\t<label for=\"field_ocfup12\" id=\"field_ocfup12_label\" class=\"frm_primary_label\">apellidos\n\t\t<span class=\"frm_required\" aria-hidden=\"true\">*<\/span>\n\t<\/label>\n\t<input type=\"text\" id=\"field_ocfup12\" name=\"item_meta[7]\" value=\"\"  data-reqmsg=\"apellidos no puede estar en blanco.\" aria-required=\"true\" data-invmsg=\"apellidos no es v\u00e1lido\" aria-invalid=\"false\"   aria-describedby=\"frm_desc_field_ocfup12\"\/>\n\t<div class=\"frm_description\" id=\"frm_desc_field_ocfup12\">Last<\/div>\n\t\n<\/div>\n<div id=\"frm_field_8_container\" class=\"frm_form_field form-field  frm_required_field frm_top_container frm_full\">\n\t<label for=\"field_29yf4d2\" id=\"field_29yf4d2_label\" class=\"frm_primary_label\">Email\n\t\t<span class=\"frm_required\" aria-hidden=\"true\">*<\/span>\n\t<\/label>\n\t<input type=\"email\" id=\"field_29yf4d2\" name=\"item_meta[8]\" value=\"\"  data-reqmsg=\"Email no puede estar en blanco.\" aria-required=\"true\" data-invmsg=\"Please enter a valid email address\" aria-invalid=\"false\"  \/>\n\t\n\t\n<\/div>\n<div id=\"frm_field_12_container\" class=\"frm_form_field form-field  frm_required_field frm_top_container\">\n\t<label for=\"field_qmn1j\" id=\"field_qmn1j_label\" class=\"frm_primary_label\">N\u00famero de Whatsapp\n\t\t<span class=\"frm_required\" aria-hidden=\"true\">*<\/span>\n\t<\/label>\n\t<input type=\"tel\" id=\"field_qmn1j\" name=\"item_meta[12]\" value=\"\"  data-reqmsg=\"N\u00famero de Whatsapp no puede estar en blanco.\" aria-required=\"true\" data-invmsg=\"N\u00famero de Whatsapp no es v\u00e1lido\" aria-invalid=\"false\" pattern=\"((\\+\\d{1,3}(-|.| )?\\(?\\d\\)?(-| |.)?\\d{1,5})|(\\(?\\d{2,6}\\)?))(-|.| )?(\\d{3,4})(-|.| )?(\\d{4})(( x| ext)\\d{1,5}){0,1}$\"  \/>\n\t\n\t\n<\/div>\n<div id=\"frm_field_9_container\" class=\"frm_form_field form-field  frm_required_field frm_top_container frm_full\">\n\t<label for=\"field_e6lis62\" id=\"field_e6lis62_label\" class=\"frm_primary_label\">edad\n\t\t<span class=\"frm_required\" aria-hidden=\"true\">*<\/span>\n\t<\/label>\n\t<input type=\"text\" id=\"field_e6lis62\" name=\"item_meta[9]\" value=\"\"  data-reqmsg=\"edad no puede estar en blanco.\" aria-required=\"true\" data-invmsg=\"edad no es v\u00e1lido\" aria-invalid=\"false\"  \/>\n\t\n\t\n<\/div>\n<div id=\"frm_field_13_container\" class=\"frm_form_field form-field  frm_required_field frm_top_container\">\n\t<label for=\"field_n7ki0\" id=\"field_n7ki0_label\" class=\"frm_primary_label\">Ciudad ( solo trabajamos en la comunidad de  Madrid ) \n\t\t<span class=\"frm_required\" aria-hidden=\"true\">*<\/span>\n\t<\/label>\n\t<input type=\"text\" id=\"field_n7ki0\" name=\"item_meta[13]\" value=\"\"  data-reqmsg=\"Ciudad ( solo trabajamos en la comunidad de  Madrid )  no puede estar en blanco.\" aria-required=\"true\" data-invmsg=\"Ciudad ( solo trabajamos en la comunidad de  Madrid )  no es v\u00e1lido\" aria-invalid=\"false\"  \/>\n\t\n\t\n<\/div>\n<div id=\"frm_field_14_container\" class=\"frm_form_field form-field  frm_required_field frm_top_container\">\n\t<label for=\"field_dipmt\" id=\"field_dipmt_label\" class=\"frm_primary_label\">Talla y copa de Pecho actual\n\t\t<span class=\"frm_required\" aria-hidden=\"true\">*<\/span>\n\t<\/label>\n\t<input type=\"text\" id=\"field_dipmt\" name=\"item_meta[14]\" value=\"\"  data-reqmsg=\"Talla y copa de Pecho actual no puede estar en blanco.\" aria-required=\"true\" data-invmsg=\"Talla y copa de Pecho actual no es v\u00e1lido\" aria-invalid=\"false\"  \/>\n\t\n\t\n<\/div>\n<div id=\"frm_field_15_container\" class=\"frm_form_field form-field  frm_required_field frm_top_container\">\n\t<label for=\"field_slm24\" id=\"field_slm24_label\" class=\"frm_primary_label\">Disponibilidad horaria\n\t\t<span class=\"frm_required\" aria-hidden=\"true\">*<\/span>\n\t<\/label>\n\t<input type=\"text\" id=\"field_slm24\" name=\"item_meta[15]\" value=\"\"  data-reqmsg=\"Disponibilidad horaria no puede estar en blanco.\" aria-required=\"true\" data-invmsg=\"Disponibilidad horaria no es v\u00e1lido\" aria-invalid=\"false\"  \/>\n\t\n\t\n<\/div>\n<div id=\"frm_field_16_container\" class=\"frm_form_field form-field  frm_required_field frm_top_container\">\n\t<label for=\"field_l8lqs\" id=\"field_l8lqs_label\" class=\"frm_primary_label\">Producci\u00f3n de leche materna ( indicar en datos adicionales si sabes los ml que salen de cada pecho )\n\t\t<span class=\"frm_required\" aria-hidden=\"true\">*<\/span>\n\t<\/label>\n\t\t\t<select name=\"item_meta[16]\" id=\"field_l8lqs\"  data-reqmsg=\"Producci\u00f3n de leche materna ( indicar en datos adicionales si sabes los ml que salen de cada pecho ) no puede estar en blanco.\" aria-required=\"true\" data-invmsg=\"Producci\u00f3n de leche materna ( indicar en datos adicionales si sabes los ml que salen de cada pecho ) no es v\u00e1lido\" aria-invalid=\"false\"  >\n\t\t<option  value=\"Poca\">Poca<\/option><option  value=\"Normal\">Normal<\/option><option  value=\"Bastante\">Bastante<\/option><option  value=\"Much\u00edsima\">Much\u00edsima<\/option>\t<\/select>\n\t\n\t\n\t\n<\/div>\n<div id=\"frm_field_10_container\" class=\"frm_form_field form-field  frm_required_field frm_top_container frm_full\">\n\t<label for=\"field_9jv0r12\" id=\"field_9jv0r12_label\" class=\"frm_primary_label\">Datos adicionales u observaciones\n\t\t<span class=\"frm_required\" aria-hidden=\"true\">*<\/span>\n\t<\/label>\n\t<textarea name=\"item_meta[10]\" id=\"field_9jv0r12\" rows=\"5\"  data-reqmsg=\"Datos adicionales u observaciones no puede estar en blanco.\" aria-required=\"true\" data-invmsg=\"Datos adicionales u observaciones no es v\u00e1lido\" aria-invalid=\"false\"  ><\/textarea>\n\t\n\t\n<\/div>\n<div id=\"frm_field_19_container\" class=\"frm_form_field form-field  frm_none_container\">\n\t<label for=\"h-captcha-response\" id=\"field_8ch2x_label\" class=\"frm_primary_label\">Captcha\n\t\t<span class=\"frm_required\" aria-hidden=\"true\"><\/span>\n\t<\/label>\n\t<div  id=\"field_8ch2x\" class=\"h-captcha\" data-sitekey=\"eacc2a10-b0f4-4b32-81e2-3ca8d630ede4\" data-size=\"normal\" data-theme=\"light\"><\/div>\n\t\n\t\n<\/div>\n<div id=\"frm_field_11_container\" class=\"frm_form_field form-field \">\n\t<div class=\"frm_submit\">\r\n\r\n<button class=\"frm_button_submit\" type=\"submit\"  >Enviar<\/button>\r\n\r\n<\/div>\n<\/div>\n\t<input type=\"hidden\" name=\"item_key\" value=\"\" \/>\n\t\t\t\t<div class=\"frm__669fcd02e3f7c\">\n\t\t\t\t<label for=\"frm_email_2\" >\n\t\t\t\t\tSi eres humano, deja este campo en blanco.\t\t\t\t<\/label>\n\t\t\t\t<input  id=\"frm_email_2\" type=\"text\" class=\"frm_verify\" name=\"frm__669fcd02e3f7c\" value=\"\" autocomplete=\"off\"  \/>\n\t\t\t<\/div>\n\t\t<\/div>\n<\/fieldset>\n<\/div>\n<\/form>\n<\/div>\n","protected":false},"excerpt":{"rendered":"<p>Ser mujer lactante en Madrid. Nodriza para adultos y eres mujer lactante en Madrid. Nodriza para adultos, chica de buena apariencia y seria y estas&#8230;<\/p>\n<div class=\"more-link-wrapper\"><a class=\"more-link\" href=\"https:\/\/lactanciaerotica.com\/?page_id=213\">Seguir leyendo<span class=\"screen-reader-text\">Ser mujer lactante en Madrid. Nodriza para adultos.<\/span><\/a><\/div>\n","protected":false},"author":1,"featured_media":0,"parent":0,"menu_order":0,"comment_status":"closed","ping_status":"closed","template":"","meta":{"footnotes":""},"class_list":["post-213","page","type-page","status-publish","hentry","entry"],"yoast_head":"<!-- This site is optimized with the Yoast SEO plugin v23.1 - https:\/\/yoast.com\/wordpress\/plugins\/seo\/ -->\n<title>Ser mujer lactante en Madrid. Nodriza para adultos.<\/title>\n<meta name=\"description\" content=\"Ser mujer lactante en Madrid. Nodriza para adultos. Si quieres dar de mamar tu leche y ganar dinero en Madrid mira nuestra web.\" \/>\n<meta name=\"robots\" content=\"index, follow, max-snippet:-1, max-image-preview:large, max-video-preview:-1\" \/>\n<link rel=\"canonical\" href=\"https:\/\/lactanciaerotica.com\/?page_id=213\" \/>\n<meta property=\"og:locale\" content=\"es_ES\" \/>\n<meta property=\"og:type\" content=\"article\" \/>\n<meta property=\"og:title\" content=\"Ser mujer lactante en Madrid. Nodriza para adultos.\" \/>\n<meta property=\"og:description\" content=\"Ser mujer lactante en Madrid. Nodriza para adultos. Si quieres dar de mamar tu leche y ganar dinero en Madrid mira nuestra web.\" \/>\n<meta property=\"og:url\" content=\"https:\/\/lactanciaerotica.com\/?page_id=213\" \/>\n<meta property=\"og:site_name\" content=\"lactanciaerotica\" \/>\n<meta property=\"article:modified_time\" content=\"2024-07-27T12:16:12+00:00\" \/>\n<meta property=\"og:image\" content=\"https:\/\/lactanciaerotica.com\/wp-content\/uploads\/2024\/07\/1-2.webp\" \/>\n<meta name=\"twitter:card\" content=\"summary_large_image\" \/>\n<meta name=\"twitter:label1\" content=\"Tiempo de lectura\" \/>\n\t<meta name=\"twitter:data1\" content=\"3 minutos\" \/>\n<script type=\"application\/ld+json\" class=\"yoast-schema-graph\">{\"@context\":\"https:\/\/schema.org\",\"@graph\":[{\"@type\":\"WebPage\",\"@id\":\"https:\/\/lactanciaerotica.com\/?page_id=213\",\"url\":\"https:\/\/lactanciaerotica.com\/?page_id=213\",\"name\":\"Ser mujer lactante en Madrid. Nodriza para adultos.\",\"isPartOf\":{\"@id\":\"https:\/\/lactanciaerotica.com\/#website\"},\"primaryImageOfPage\":{\"@id\":\"https:\/\/lactanciaerotica.com\/?page_id=213#primaryimage\"},\"image\":{\"@id\":\"https:\/\/lactanciaerotica.com\/?page_id=213#primaryimage\"},\"thumbnailUrl\":\"https:\/\/lactanciaerotica.com\/wp-content\/uploads\/2024\/07\/1-2.webp\",\"datePublished\":\"2024-07-22T17:02:19+00:00\",\"dateModified\":\"2024-07-27T12:16:12+00:00\",\"description\":\"Ser mujer lactante en Madrid. Nodriza para adultos. Si quieres dar de mamar tu leche y ganar dinero en Madrid mira nuestra web.\",\"breadcrumb\":{\"@id\":\"https:\/\/lactanciaerotica.com\/?page_id=213#breadcrumb\"},\"inLanguage\":\"es\",\"potentialAction\":[{\"@type\":\"ReadAction\",\"target\":[\"https:\/\/lactanciaerotica.com\/?page_id=213\"]}]},{\"@type\":\"ImageObject\",\"inLanguage\":\"es\",\"@id\":\"https:\/\/lactanciaerotica.com\/?page_id=213#primaryimage\",\"url\":\"https:\/\/lactanciaerotica.com\/wp-content\/uploads\/2024\/07\/1-2.webp\",\"contentUrl\":\"https:\/\/lactanciaerotica.com\/wp-content\/uploads\/2024\/07\/1-2.webp\",\"width\":642,\"height\":361},{\"@type\":\"BreadcrumbList\",\"@id\":\"https:\/\/lactanciaerotica.com\/?page_id=213#breadcrumb\",\"itemListElement\":[{\"@type\":\"ListItem\",\"position\":1,\"name\":\"Portada\",\"item\":\"https:\/\/lactanciaerotica.com\/\"},{\"@type\":\"ListItem\",\"position\":2,\"name\":\"Ser mujer lactante en Madrid. Nodriza para adultos.\"}]},{\"@type\":\"WebSite\",\"@id\":\"https:\/\/lactanciaerotica.com\/#website\",\"url\":\"https:\/\/lactanciaerotica.com\/\",\"name\":\"Lactancia er\u00f3tica.\",\"description\":\"Sitio de Mujeres lactantes Eroticas para adultos en Madrid.\",\"alternateName\":\"lactancia Erotica para adultos\",\"potentialAction\":[{\"@type\":\"SearchAction\",\"target\":{\"@type\":\"EntryPoint\",\"urlTemplate\":\"https:\/\/lactanciaerotica.com\/?s={search_term_string}\"},\"query-input\":\"required name=search_term_string\"}],\"inLanguage\":\"es\"}]}<\/script>\n<!-- \/ Yoast SEO plugin. -->","yoast_head_json":{"title":"Ser mujer lactante en Madrid. Nodriza para adultos.","description":"Ser mujer lactante en Madrid. Nodriza para adultos. Si quieres dar de mamar tu leche y ganar dinero en Madrid mira nuestra web.","robots":{"index":"index","follow":"follow","max-snippet":"max-snippet:-1","max-image-preview":"max-image-preview:large","max-video-preview":"max-video-preview:-1"},"canonical":"https:\/\/lactanciaerotica.com\/?page_id=213","og_locale":"es_ES","og_type":"article","og_title":"Ser mujer lactante en Madrid. Nodriza para adultos.","og_description":"Ser mujer lactante en Madrid. Nodriza para adultos. Si quieres dar de mamar tu leche y ganar dinero en Madrid mira nuestra web.","og_url":"https:\/\/lactanciaerotica.com\/?page_id=213","og_site_name":"lactanciaerotica","article_modified_time":"2024-07-27T12:16:12+00:00","og_image":[{"url":"https:\/\/lactanciaerotica.com\/wp-content\/uploads\/2024\/07\/1-2.webp"}],"twitter_card":"summary_large_image","twitter_misc":{"Tiempo de lectura":"3 minutos"},"schema":{"@context":"https:\/\/schema.org","@graph":[{"@type":"WebPage","@id":"https:\/\/lactanciaerotica.com\/?page_id=213","url":"https:\/\/lactanciaerotica.com\/?page_id=213","name":"Ser mujer lactante en Madrid. Nodriza para adultos.","isPartOf":{"@id":"https:\/\/lactanciaerotica.com\/#website"},"primaryImageOfPage":{"@id":"https:\/\/lactanciaerotica.com\/?page_id=213#primaryimage"},"image":{"@id":"https:\/\/lactanciaerotica.com\/?page_id=213#primaryimage"},"thumbnailUrl":"https:\/\/lactanciaerotica.com\/wp-content\/uploads\/2024\/07\/1-2.webp","datePublished":"2024-07-22T17:02:19+00:00","dateModified":"2024-07-27T12:16:12+00:00","description":"Ser mujer lactante en Madrid. Nodriza para adultos. Si quieres dar de mamar tu leche y ganar dinero en Madrid mira nuestra web.","breadcrumb":{"@id":"https:\/\/lactanciaerotica.com\/?page_id=213#breadcrumb"},"inLanguage":"es","potentialAction":[{"@type":"ReadAction","target":["https:\/\/lactanciaerotica.com\/?page_id=213"]}]},{"@type":"ImageObject","inLanguage":"es","@id":"https:\/\/lactanciaerotica.com\/?page_id=213#primaryimage","url":"https:\/\/lactanciaerotica.com\/wp-content\/uploads\/2024\/07\/1-2.webp","contentUrl":"https:\/\/lactanciaerotica.com\/wp-content\/uploads\/2024\/07\/1-2.webp","width":642,"height":361},{"@type":"BreadcrumbList","@id":"https:\/\/lactanciaerotica.com\/?page_id=213#breadcrumb","itemListElement":[{"@type":"ListItem","position":1,"name":"Portada","item":"https:\/\/lactanciaerotica.com\/"},{"@type":"ListItem","position":2,"name":"Ser mujer lactante en Madrid. Nodriza para adultos."}]},{"@type":"WebSite","@id":"https:\/\/lactanciaerotica.com\/#website","url":"https:\/\/lactanciaerotica.com\/","name":"Lactancia er\u00f3tica.","description":"Sitio de Mujeres lactantes Eroticas para adultos en Madrid.","alternateName":"lactancia Erotica para adultos","potentialAction":[{"@type":"SearchAction","target":{"@type":"EntryPoint","urlTemplate":"https:\/\/lactanciaerotica.com\/?s={search_term_string}"},"query-input":"required name=search_term_string"}],"inLanguage":"es"}]}},"_links":{"self":[{"href":"https:\/\/lactanciaerotica.com\/index.php?rest_route=\/wp\/v2\/pages\/213","targetHints":{"allow":["GET"]}}],"collection":[{"href":"https:\/\/lactanciaerotica.com\/index.php?rest_route=\/wp\/v2\/pages"}],"about":[{"href":"https:\/\/lactanciaerotica.com\/index.php?rest_route=\/wp\/v2\/types\/page"}],"author":[{"embeddable":true,"href":"https:\/\/lactanciaerotica.com\/index.php?rest_route=\/wp\/v2\/users\/1"}],"replies":[{"embeddable":true,"href":"https:\/\/lactanciaerotica.com\/index.php?rest_route=%2Fwp%2Fv2%2Fcomments&post=213"}],"version-history":[{"count":3,"href":"https:\/\/lactanciaerotica.com\/index.php?rest_route=\/wp\/v2\/pages\/213\/revisions"}],"predecessor-version":[{"id":258,"href":"https:\/\/lactanciaerotica.com\/index.php?rest_route=\/wp\/v2\/pages\/213\/revisions\/258"}],"wp:attachment":[{"href":"https:\/\/lactanciaerotica.com\/index.php?rest_route=%2Fwp%2Fv2%2Fmedia&parent=213"}],"curies":[{"name":"wp","href":"https:\/\/api.w.org\/{rel}","templated":true}]}}